t are the prime factors of 30411376?
2, 1900711
What are the prime factors of 343706365?
5, 23, 103, 29017
List the prime factors of 969348407.
79, 12270233
List the prime factors of 2079318363.
3, 43, 1499, 10753
What are the prime factors of 192696837?
3, 31, 89, 751
List the prime factors of 39694378.
2, 19847189
List the prime factors of 2130423148.
2, 7, 37, 227, 9059
List the prime factors of 40303528.
2, 1033, 4877
What are the prime factors of 601902659?
79, 7619021
What are the prime factors of 435081621?
3, 13, 31, 359869
List the prime factors of 1568230146.
2, 3, 7, 460973
What are the prime factors of 954850725?
3, 5, 4243781
What are the prime factors of 3583200841?
11, 325745531
List the prime factors of 2627621944.
2, 328452743
List the prime factors of 2341275.
3, 5, 19, 31, 53
List the prime factors of 637701287.
89, 2113, 3391
What are the prime factors of 145598273?
19, 271, 28277
What are the prime factors of 488864871?
3, 11, 4938029
What are the prime factors of 1199889194?
2, 7, 2141, 40031
What are the prime factors of 24574396?
2, 7, 11, 23, 3469
What are the prime factors of 3088751728?
2, 41, 4708463
What are the prime factors of 26332674?
2, 3, 4388779
List the prime factors of 40295083.
17, 2370299
List the prime factors of 1618719.
3, 539573
What are the prime factors of 34101777?
3, 809, 14051
What are the prime factors of 38514051?
3, 433, 9883
List the prime factors of 1894671606.
2, 3, 315778601
What are the prime factors of 612087304?
2, 1049, 72937
List the prime factors of 188281423.
11, 17116493
List the prime factors of 1833078088.
2, 101, 557, 4073
List the prime factors of 452702146.
2, 13, 17, 23, 44531
List the prime factors of 82897417.
433, 191449
What are the prime factors of 101014862?
2, 13, 3885187
List the prime factors of 1458814174.
2, 139, 5247533
List the prime factors of 32552755.
5, 1013, 6427
List the prime factors of 2861780526.
2, 3, 11, 14453437
What are the prime factors of 202455377?
11071, 18287
List the prime factors of 35232592.
2, 103, 21379
List the prime factors of 69125117.
139, 497303
List the prime factors of 93473583.
3, 7, 29, 153487
What are the prime factors of 36274667?
11, 13, 19, 79
What are the prime factors of 3611020075?
5, 13, 11110831
List the prime factors of 745057381.
587, 1269263
What are the prime factors of 85926870?
2, 3, 5, 954743
List the prime factors of 1434959217.
3, 31, 101, 50923
List the prime factors of 289423977.
3, 1601, 60259
What are the prime factors of 545156755?
5, 11, 13, 59, 12923
List the prime factors of 2119864297.
2119864297
List the prime factors of 1172531056.
2, 127, 577033
List the prime factors of 143103229.
17, 311, 27067
What are the prime factors of 22527825?
3, 5, 19, 15809
What are the prime factors of 5159562858?
2, 3, 1123, 255247
What are the prime factors of 33057125?
5, 373, 709
What are the prime factors of 545835345?
3, 5, 11, 3308093
List the prime factors of 421214059.
7, 19, 67, 47269
What are the prime factors of 88355952?
2, 3, 31, 19793
List the prime factors of 15954112.
2, 109, 2287
List the prime factors of 940601655.
3, 5, 7, 2986037
What are the prime factors of 52062804?
2, 3, 239, 2017
What are the prime factors of 782072618?
2, 391036309
What are the prime factors of 164932127?
4007, 41161
What are the prime factors of 92187139?
11, 8380649
List the prime factors of 275053187.
113, 2434099
List the prime factors of 60712723.
1487, 40829
List the prime factors of 66607812.
2, 3, 191, 3229
List the prime factors of 57936818.
2, 28968409
List the prime factors of 151385580.
2, 3, 5, 313, 2687
What are the prime factors of 42584647?
7, 149, 40829
List the prime factors of 40591781.
887, 45763
What are the prime factors of 181662778?
2, 11, 1453, 5683
What are the prime factors of 1602493768?
2, 1667, 120163
List the prime factors of 492848906.
2, 11, 22402223
What are the prime factors of 24261931?
97, 250123
List the prime factors of 10244492.
2, 43, 59561
List the prime factors of 2548125440.
2, 5, 7, 40627
List the prime factors of 84614685.
3, 5, 421, 13399
List the prime factors of 63494729.
283, 224363
What are the prime factors of 2431831878?
2, 3, 7, 17, 79, 2053
What are the prime factors of 230039076?
2, 3, 227, 84449
List the prime factors of 407752790.
2, 5, 41, 653, 1523
What are the prime factors of 135492823?
41, 521, 6343
What are the prime factors of 410101570?
2, 5, 41010157
What are the prime factors of 444059252?
2, 7, 13, 23, 29, 31, 59
What are the prime factors of 136457637?
3, 45485879
List the prime factors of 650750835.
3, 5, 7, 73, 1163
List the prime factors of 5158538283.
3, 53, 599, 54163
List the prime factors of 226980942.
2, 3, 37830157
List the prime factors of 366417696.
2, 3, 499, 7649
What are the prime factors of 563849428?
2, 140962357
List the prime factors of 1623957616.
2, 61, 1663891
What are the prime factors of 275288565?
3, 5, 17, 239, 4517
What are the prime factors of 65696975?
5, 2627879
What are the prime factors of 377078650?
2, 5, 13, 47, 12343
List the prime factors of 118556477.
13, 9119729
What are the prime factors of 123323803?
211, 584473
List the prime factors of 137701891.
823, 167317
List the prime factors of 937330762.
2, 19, 1667, 14797
List the prime factors of 119545985.
5, 13, 1839169
What are the prime factors of 203975794?
2, 11, 601, 15427
What are the prime factors of 2972301130?
2, 5, 297230113
What are the prime factors of 519511712?
2, 233, 69677
List the prime factors of 655079184.
2, 3, 821, 1847
What are the prime factors of 23193922?
2, 163, 71147
What are the prime factors of 350665929?
3, 4329209
What are the prime factors of 821786960?
2, 5, 167, 61511
What are the prime factors of 210051050?
2, 5, 11, 381911
What are the prime factors of 15987211?
83, 192617
List the prime factors of 33986793.
3, 11328931
What are the prime factors of 398609194?
2, 71, 79, 35533
List the prime factors of 1183918340.
2, 5, 11, 5381447
What are the prime factors of 7147999542?
2, 3, 131, 461, 19727
What are the prime factors of 38971926?
2, 3, 7, 19, 73, 223
List the prime factors of 2849579379.
3, 97, 373, 2917
What are the prime factors of 5778718?
2, 11, 23879
List the prime factors of 195789698.
2, 13, 349, 21577
List the prime factors of 63807783.
3, 13, 17, 157, 613
List the prime factors of 55630771.
7, 31, 256363
What are the prime factors of 138908700?
2, 3, 5, 7, 17, 1297
What are the prime factors of 9310978?
2, 1163, 4003
List the prime factors of 476676589.
476676589
List the prime factors of 5102593967.
853, 5981939
What are the prime factors of 523539300?
2, 3, 5, 19, 53, 1733
List the prime factors of 6567437913.
3, 19, 59, 1952851
List the prime factors of 49879194.
2, 3, 8313199
What are the prime factors of 13348059?
3, 101, 44053
What are the prime factors of 92819151?
3, 10313239
What are the prime factors of 34922070?
2, 3, 5, 129341
List the prime factors of 335025491.
37, 79, 114617
What are the prime factors of 2945209193?
2945209193
What are the prime factors of 1355586843?
3, 13, 34758637
List the prime factors of 1068087122.
2, 173, 3086957
What are the prime factors of 265996709?
11, 31, 780049
What are the prime factors of 4347342?
2, 3, 17, 14207
What are the prime factors of 3292496417?
7, 470356631
What are the prime factors of 213585844?
2, 2099, 25439
What are the prime factors of 30023384?
2, 3752923
List the prime factors of 181603033.
181603033
What are the prime factors of 190464442?
2, 7, 13604603
List the prime factors of 648905559.
3, 216301853
What are the prime factors of 227821238?
2, 113910619
What are the prime factors of 3963530410?
2, 5, 7, 56621863
List the prime factors of 245978864.
2, 19, 809141
What are the prime factors of 93910703?
17, 5524159
What are the prime factors of 1034872862?
2, 59, 8770109
List the prime factors of 1004167299.
3, 61, 5487253
List the prime factors of 207321658.
2, 127, 816227
List the prime factors of 687687858.
2, 3, 11, 13, 267167
List the prime factors of 156157106.
2, 7, 31, 109, 3301
List the prime factors of 223646940.
2, 3, 5, 11, 23, 1637
List the prime factors of 253649403.
3, 7, 4026181
What are the prime factors of 1410480400?
2, 5, 7, 503743
List 